93?
9
What is the hundreds digit of 43327057?
0
What is the ten thousands digit of 4633602795?
0
What is the ten millions digit of 57824745?
5
What is the thousands digit of 6564354085?
4
What is the hundred millions digit of 1000142190?
0
What is the hundred thousands digit of 298207006?
2
What is the hundred millions digit of 264918292?
2
What is the ten millions digit of 770769429?
7
What is the tens digit of 5184788?
8
What is the ten millions digit of 19116556?
1
What is the ten millions digit of 3918930366?
1
What is the units digit of 2524531403?
3
What is the ten millions digit of 1261585160?
6
What is the thousands digit of 384111865?
1
What is the ten millions digit of 212258149?
1
What is the hundred thousands digit of 455350177?
3
What is the hundred millions digit of 377341297?
3
What is the ten thousands digit of 847921705?
2
What is the thousands digit of 704790246?
0
What is the tens digit of 494454190?
9
What is the ten thousands digit of 125397968?
9
What is the thousands digit of 24203178?
3
What is the ten thousands digit of 1368623367?
2
What is the ten millions digit of 220998057?
2
What is the hundred thousands digit of 2543482038?
4
What is the tens digit of 1237849583?
8
What is the hundred thousands digit of 4406962756?
9
What is the hundred thousands digit of 33051309?
0
What is the hundred millions digit of 200866544?
2
What is the ten millions digit of 101546449?
0
What is the hundred thousands digit of 568521624?
5
What is the millions digit of 375632034?
5
What is the hundred thousands digit of 160183962?
1
What is the hundred millions digit of 5650065142?
6
What is the tens digit of 166298?
9
What is the thousands digit of 122495391?
5
What is the thousands digit of 1432112535?
2
What is the hundreds digit of 904367894?
8
What is the billions digit of 1371044742?
1
What is the millions digit of 100902764?
0
What is the hundred thousands digit of 176232727?
2
What is the hundred thousands digit of 4907392350?
3
What is the tens digit of 1720368892?
9
What is the millions digit of 40433453?
0
What is the thousands digit of 4288710?
8
What is the hundred thousands digit of 7657253?
6
What is the tens digit of 109576024?
2
What is the ten millions digit of 1585166005?
8
What is the ten millions digit of 115714051?
1
What is the thousands digit of 35226216?
6
What is the units digit of 139174978?
8
What is the ten millions digit of 204577462?
0
What is the hundred millions digit of 169665396?
1
What is the ten millions digit of 1387213391?
8
What is the units digit of 35152157?
7
What is the tens digit of 410589174?
7
What is the hundreds digit of 11765345?
3
What is the hundred thousands digit of 566067495?
0
What is the thousands digit of 142878660?
8
What is the hundred thousands digit of 48442109?
4
What is the ten thousands digit of 1116104735?
0
What is the ten thousands digit of 26744753?
4
What is the hundred thousands digit of 314054597?
0
What is the billions digit of 1110847267?
1
What is the units digit of 745949690?
0
What is the ten thousands digit of 5472132474?
3
What is the millions digit of 77845064?
7
What is the units digit of 56587481?
1
What is the millions digit of 435593107?
5
What is the ten millions digit of 228525728?
2
What is the millions digit of 39536319?
9
What is the ten thousands digit of 175334694?
3
What is the millions digit of 9308949870?
8
What is the tens digit of 28429708?
0
What is the thousands digit of 153100742?
0
What is the units digit of 680536792?
2
What is the hundred thousands digit of 5448672043?
6
What is the thousands digit of 109183238?
3
What is the ten thousands digit of 2195419351?
1
What is the ten thousands digit of 3239212082?
1
What is the millions digit of 73303786?
3
What is the hundreds digit of 132609987?
9
What is the hundreds digit of 868502139?
1
What is the millions digit of 426010013?
6
What is the tens digit of 44347094?
9
What is the tens digit of 29090326?
2
What is the thousands digit of 54390818?
0
What is the tens digit of 317479170?
7
What is the units digit of 650754589?
9
What is the ten thousands digit of 233343306?
4
What is the thousands digit of 305324512?
4
What is the millions digit of 59206159?
9
What is the units digit of 104989960?
0
What is the millions digit of 47480421?
7
What is the hundred thousands digit of 50319341?
3
What is the tens digit of 3722727843?
4
What is the hundred thousands digit of 3719166689?
1
What is the hundred millions digit of 1616553558?
6
What is the ten thousands digit of 970376722?
7
What is the hundreds digit of 33499314?
3
What is the ten millions digit of 2061432457?
6
What is the ten thousands digit of 4331999573?
9
What is the hundred thousands digit of 1144191594?
1
What is the units digit of 551221717?
7
What is the tens digit of 202554511?
1
What is the hundreds digit of 173444375?
3
What is the units digit of 742944660?
0
What is the tens digit of 111847386?
8
What is the thousands digit of 2082885947?
5
What is the hundred thousands digit of 1394729?
3
What is the billions digit of 1147165604?
1
What is the units digit of 43989972?
2
What is the hundreds digit of 306932702?
7
What is the tens digit of 879184121?
2
What is the hundred thousands digit of 36481801?
4
What is the ten thousands digit of 4134937664?
3
What is the ten thousands digit of 3782935?
8
What is the millions digit of 4053241583?
3
What is the units digit of 7878834?
4
What is the hundreds digit of 681173757?
7
What is the ten thousands digit of 64913182?
1
What is the hundreds digit of 111733295?
2
What is the thousands digit of 34182531?
2
What is the ten millions digit of 93004746?
9
What is the hundred thousands digit of 42670135?
6
What is the hundred thousands digit of 835012202?
0
What is the ten thousands digit of 408453802?
5
What is the thousands digit of 36085705?
5
What is the hundred thousands digit of 1749139052?
1
What is the thousands digit of 648449588?
9
What is the ten millions digit of 1082651303?
8
What is the ten thousands digit of 9335840208?
4
What is the hundred thousands digit of 273680425?
6
What is the hundreds digit of 255480594?
5
What is the ten millions digit of 630123917?
3
What is the hundred millions digit of 711513570?
7
What is the units digit of 521598981?
1
What is the hundred thousands digit of 232371659?
3
What is the ten thousands digit of 203110918?
1
What is the ten millions digit of 74361669?
7
What is the millions digit of 50676266?
0
What is the hundred millions digit of 1329299882?
3
What is the units digit of 23474896?
6
What is the units digit of 22511308?
8
What is the ten thousands digit of 262591440?
9
What is the ten thousands digit of 2020152441?
5
What is the tens digit of 204473113?
1
What is the hundreds digit of 500056174?
1
What is the tens digit of 8375858?
5
What is the hundred millions digit of 418385220?
4
What is the hundreds digit of 8964569?
5
What is the billions digit of 1767335353?
1
What is the tens digit of 1078827082?
8
What is the hundred thousands digit of 4784676?
7
What is the ten millions digit of 260997566?
6
What is the units digit of 53889901?
1
What is the hundred millions digit of 1318128275?
3
What is the ten millions digit of 47206326?
4
What is the tens digit of 550768373?
7
What is the hundred millions digit of 4634409731?
6
What is the millions digit of 2232354407?
2
What is the ten thousands digit of 109862028?
6
What is the hundreds digit of 417035801?
8
What is the hundreds digit of 557356769?
7
What is the hundred thousands digit of 5886746422?
7
What is the hundreds digit of 6325794484?
4
What is the thousands digit of 4342682459?
2
What is the thousands digit of 31908491?
8
What is the millions digit of 1193144562?
3
What is the hundred millions digit of 117377511?
1
What is the hundreds digit of 370824009?
0
What is the millions digit of 1064795292?
4
What is the tens digit of 13635743?
4
What is the hundreds digit of 663794406?
4
What is the hundreds digit of 157958735?
7
What is the hundreds digit of 3278324196?
1
What is the tens digit of 49927574?
7
What is the tens digit of 2959331970?
7
What is the tens digit of 33224902?
0
What is the ten thousands digit of 96249197?
4
What is the tens digit of 139060509?
0
What is 